 ((-7)/(-4))/((-4)/(-16)). Suppose -f - 5*l + 283 = 3*f, 0 = 3*f + 2*l - 221. What is the greatest common factor of g and f?
7
Let p = 1 - -3. Suppose -6*k - p = -4*k. Let l(h) = 6*h**2 + 2*h - 1. Let q be l(k). Calculate the greatest common factor of 152 and q.
19
Suppose 65*y - 22*y - 3483 = 0. Calculate the greatest common factor of y and 99.
9
Let z = 7 - 5. Let y(k) = -k**3 + 15*k**2 - 6*k - 28. Let t be y(12). Suppose -5*n + t = z. What is the highest common divisor of 6 and n?
6
Let l(s) = -s**2 - 21*s + 35. Let v be l(-20). Suppose -v*m + 15 = -50*m. What is the greatest common factor of 4 and m?
1
Let a = 31 + -17. Let f = 21 - a. Calculate the greatest common factor of f and 7.
7
Let c be (0 + 105/(-6))/((-7)/42). What is the greatest common divisor of 245 and c?
35
Let m(d) = -d**2 - 41*d - 22. Let h be m(-40). Calculate the greatest common factor of h and 324.
18
Let u(o) = 9*o - 234. Let z be u(27). Calculate the greatest common factor of z and 486.
9
Let w = -17 - -1. Let u = w + 18. Suppose -r + 14 = -u*y, -10 + 2 = -2*r - y. Calculate the greatest common factor of r and 6.
6
Let j(c) = c**2 + 12*c + 9. Let t be j(-12). Let s = -961 - -1042. Calculate the greatest common factor of s and t.
9
Let b = -1395 - -1420. What is the highest common divisor of b and 285?
5
Let p(n) = n**3 - 22*n**2 - 19*n - 50. Let m be p(23). Calculate the highest common divisor of m and 686.
14
Let h be (-6)/(-10) - (3174/(-10) - -3). Suppose 3*o - h = -4*o. Calculate the highest common factor of o and 9.
9
Suppose 0 = -3*i + b - 367 + 405, -2*i + 2*b + 32 = 0. Let j be 8/2*(-9)/4. Let r = j + i. What is the greatest common factor of r and 12?
2
Let p be (-1 + 2)*(3 - 3). Suppose p = -4*n - 3 + 279. Calculate the highest common divisor of 23 and n.
23
Suppose 0 = -119*g + 370 + 939. Let y = 3 - 0. Suppose 28 - 194 = -2*p - 5*q, -y*p - 5*q = -254. Calculate the greatest common factor of g and p.
11
Let r(d) = -d + 19. Let q(t) = -12*t + 63. Let f be q(7). Let o be r(f). Suppose -2*a + 6 = -10. Calculate the greatest common divisor of o and a.
8
Let w be (-14 - -16)*(1 + -2) + 128. What is the highest common factor of 693 and w?
63
Suppose 2*a - 133 = 9*p - 6*p, -a = -5*p - 210. Let f be 0 + 0 + 1 + 0. Let s = f - p. What is the highest common factor of s and 63?
21
Suppose 9*a - 2*a - 350 = 0. Let k = a + -43. Calculate the greatest common factor of k and 35.
7
Let j(v) = -2*v + 13. Let m(o) = -o**2 - 4*o + 3. Let s be m(-4). Let k be j(s). Calculate the greatest common divisor of k and 35.
7
Let w(d) = 4*d**3 - 2*d**2 - 3*d + 11. Let l be w(2). Let u = 14 + 44. Calculate the highest common divisor of u and l.
29
Suppose 2*y - 2*g - 20 = 0, 2*y - 3 = -5*g - 18. Suppose 240 = y*b - 310. Calculate the greatest common divisor of b and 10.
10
Suppose 34 = 3*m - 4*f, -5*f = m - 2*f - 7. Suppose 0 = -5*g + 20 + m. What is the greatest common factor of 4 and g?
2
Suppose 2*h - 2*d = 2*d + 16, -5*h + 40 = 5*d. Let o be 9/(-3) + h/2. What is the highest common divisor of o and 9?
1
Suppose 9*t - 4*t - y = 58, -5*t + 40 = 5*y. Let j = t - 6. What is the greatest common divisor of j and 40?
5
Let c = -57 - -64. Suppose 14*g - c*g - 35 = 0. Calculate the highest common factor of g and 5.
5
Let r be (2 - -2)/(-4) + -12. Let z = r + -47. Let i = -20 - z. What is the greatest common divisor of 8 and i?
8
Suppose 1740 = 2*s + s. What is the highest common factor of 20 and s?
20
Let d be 1/(3 - (-128)/(-44)). Let b = d + -4. Suppose -b + 30 = n. What is the greatest common divisor of n and 92?
23
Let x = 20 - -4. Suppose 4*g = 2*w + 30, 0 = -2*g - 0*w + 3*w + 21. Suppose 0 = -g*i + 9*i - 36. Calculate the highest common factor of i and x.
12
Let h = 30 + 2. Let t = 53 - h. What is the greatest common factor of t and 231?
21
Let b(o) = -o**2 + 94*o**3 - 87*o**3 - 2*o**2 - 2*o + 4. Let u be b(3). What is the highest common factor of 20 and u?
20
Let a(d) = -d**3 + 7*d**2 - 6*d - 7. Let m be a(5). Let y = -94 + 99. Suppose g = y*q + 111, -16 = -3*q + 7*q. Calculate the highest common factor of g and m.
13
Suppose 3*j + 75 - 438 = -3*y, 4*y + 236 = 2*j. What is the greatest common divisor of 30 and j?
30
Suppose -s = 5*x + 137, s + 131 = -5*x + 3*s. Let a = x - -13. Let y = 4 - a. Calculate the highest common divisor of y and 6.
6
Suppose 0 = 5*k + 18 - 3. Let j be (-1 - -2)*39/k. Let l = -1 - j. Calculate the highest common divisor of l and 96.
12
Suppose 27*b = 23*b + 140. Suppose 7*j - b = -0*j. Suppose -x = 5, 0 = -5*i + i - j*x + 811. Calculate the highest common divisor of 19 and i.
19
Let l be (-6)/(-4)*(-2616)/(-36). Let h = l - 105. Calculate the highest common divisor of 28 and h.
4
Suppose -3*f + 5*k - 2*k + 6 = 0, f - 4*k + 1 = 0. Suppose f*h + 428 = 7*h. Suppose -c = -61 - h. Calculate the highest common divisor of 24 and c.
24
Let c = 51 + -6. Suppose 3*i + 2*w = 6 + 21, 5*i = -3*w + 45. What is the highest common divisor of c and i?
9
Let d(x) = -268*x + 14*x**3 + 4*x**2 - 52*x**3 - 50*x**3 + 270*x. Let l be d(-1). What is the greatest common factor of l and 10?
10
Suppose 60*q = 61*q - 60. Calculate the highest common factor of 780 and q.
60
Let b(p) = p**3 + 20*p**2 + 79*p - 26. Let h be b(-14). What is the greatest common factor of h and 99?
11
Suppose u + 2 = q - 0*q, -3*u + 10 = 5*q. Suppose 0 = -5*l - 3*s + 22, l + q = s - 0*s. What is the highest common divisor of 16 and l?
2
Suppose 4*b - 176 = -7*b. What is the greatest common factor of 16 and b?
16
Suppose 354 = 5*w + 3*t, -4*w + 14*t = 22*t - 300. Calculate the greatest common divisor of w and 3.
3
Suppose -6*j - 178 = -592. Suppose -j = -5*c + 3*i, -2*c + 42 = c - 2*i. What is the greatest common factor of c and 60?
12
Suppose 0 = -21*g + 4*g + 17. Let f be ((-2)/4)/(4/(-40)). What is the greatest common factor of f and g?
1
Suppose 7*t - 840 = 3*t. What is the greatest common factor of 84 and t?
42
Suppose -136 = -5*a + 179. Let i(j) = -j**2 + 8*j - 8. Let n be i(5). Calculate the highest common factor of n and a.
7
Let b be -305*(1 + 26/(-10)). Calculate the greatest common factor of b and 61.
61
Let v be (-2)/(-4) - 22/(-4). Suppose 48 = -a + 116. Suppose 4*u - 134 = -5*g, 2*g + 4*u = 6*u + a. What is the greatest common divisor of v and g?
6
Let r(t) = 4*t**2 + 4*t + 68. Let l be r(0). What is the highest common factor of 544 and l?
68
Let w be (4/3)/((-1)/(-3)). What is the highest common divisor of w and 100?
4
Let m = 48 - 50. Let x be (-1448)/(-22) + (-3)/33*m. What is the greatest common divisor of x and 33?
33
Let k be ((-3)/(-7))/((-69)/(-483)). Let b(q) = -q**3 - q**2 - q + 3. Let w be b(-3). What is the greatest common factor of k and w?
3
Suppose -23*a + 53 = -131. What is the greatest common divisor of 72 and a?
8
Suppose 25*z + 138 = 19*z. Let o = z + 38. What is the greatest common factor of 120 and o?
15
Suppose -52*x + 47*x + 3*t = -586, 5*t - 610 = -5*x. What is the greatest common factor of x and 7?
7
Let i = -125 + 123. Let t(r) = -5*r + 2. Let q be t(i). Calculate the greatest common factor of 9 and q.
3
Let a = 8 - 5. Let r be a/6 + 357/6. Let s be (-34085)/(-850) + 2/(-20). Calculate the highest common divisor of r and s.
20
Let t be (-20)/3*(-42)/4. Suppose 0 = 47*g + 9*g - 784. What is the highest common divisor of t and g?
14
Let l = 246 + -220. Let j(o) = 14*o - 3. Let q be j(3). What is the greatest common factor of q and l?
13
Let f(y) = 0 - 5 + 1 + 16*y**2 - 3*y + 0*y. Let d be f(-2). Calculate the greatest common divisor of d and 44.
22
Let b(u) = -5*u - 14. Let k be b(-19). Let c(x) = -x**3 - 17*x**2 - 17*x - 7. Let l be c(-16). What is the greatest common divisor of k and l?
9
Let a = -65 + 115. Suppose 0 = -4*f + 12, -3*m = -2*f + f - 3. What is the highest common factor of m and a?
2
Let i be ((-2)/(-3))/(8/204). Let k(n) = 2*n**3 - n**2 + n + 6. Let v be k(6). Suppose 4*a = a + v. What is the highest common divisor of a and i?
17
Suppose 0*a = -4*a + 416. Let w(y) = -12*y - 70. Let h be w(-8). Calculate the highest common factor of h and a.
26
Suppose 25 = l + 8. Let i(m) = m**3 - 25*m**2 + 89*m - 353. Let y be i(22). What is the greatest common factor of l and y?
17
Let g(b) = 36*b**2 - 310*b + 21. Let k be g(9). Calculate the greatest common factor of k